n x is divided by w?
5
Suppose 0 = -5*w + 5*n - 6*n + 4, -4*w = 2*n - 8. Suppose -p + 10 = -s - s, s = w. What is the remainder when p is divided by 4?
2
Let h(g) = -8*g - 9. Calculate the remainder when h(-4) is divided by 13.
10
Suppose 3*m - 32 = -86. Let r = m + 47. Calculate the remainder when r is divided by 16.
13
Suppose -3*k + 23 = 4*j, -2*j + 14 = 2*k - 0. Let z be ((-6)/(-7))/(j/98). Let s = -2 + z. What is the remainder when s is divided by 14?
12
Let t(d) = 27*d**2 + 3*d + 2. Suppose -3*s + 17 = 5*o, 4*s + 24 = 5*o - 0*o. Calculate the remainder when t(s) is divided by 9.
8
Let i(s) = -s**2 + 7*s - 3. What is the remainder when 14 is divided by i(6)?
2
Let w = 2 - 8. Let r(z) = 2 + 10*z - z - 8*z - 2*z. What is the remainder when 15 is divided by r(w)?
7
Let g(w) = -2*w**2 - 4*w - 3. Let b(l) = 4*l**2 + 8*l + 5. Let m(x) = -2*b(x) - 5*g(x). What is the remainder when m(-6) is divided by 11?
9
Suppose -2*t = -9 - 9. What is the remainder when t is divided by 6?
3
Suppose 3*w - 54 = -3*h, -3*w + 5*w = 2*h - 32. Calculate the remainder when 50 is divided by h.
16
Suppose 0*i = -i + 3. What is the remainder when (-48)/((-3)/1) - i is divided by 7?
6
Let h(l) = l**3 - 6*l**2 - 7*l - 10. Let v be h(7). Let g = 15 + v. Calculate the remainder when 13 is divided by g.
3
Let h = 40 - 24. Calculate the remainder when 47*((-3)/(-3) + 0) is divided by h.
15
Let d(z) = 3*z. Let o(x) = 1. Let w(y) = d(y) - 4*o(y). Let a be 5 + 0/(-1 - 1). Calculate the remainder when 21 is divided by w(a).
10
Let u = 1 + -1. Suppose 4*y - 40 = -u*y. Let m = 26 - y. Calculate the remainder when 31 is divided by m.
15
Let m(i) = 4*i + 1. Let n(x) = -x - 9. Let r be n(-8). Let o be m(r). What is the remainder when (13/o)/((-1)/6) is divided by 9?
8
Calculate the remainder when -1*(-59 - (-1 + 3)) is divided by 16.
13
Suppose 2*q - 92 = v, 4*q + 0*v = -4*v + 208. Calculate the remainder when q is divided by 13.
9
Let c = 252 - 221. Let o(n) = n**3 - n**2 - 3*n - 1. What is the remainder when c is divided by o(3)?
7
Let l(i) = -i**2 + 6*i + 13. Calculate the remainder when 17 is divided by l(7).
5
Let i(q) = q - 1. Calculate the remainder when -4*3/(-48) - 140/(-16) is divided by i(6).
4
What is the remainder when 51 is divided by (4/(-6))/(1/(-39))?
25
Let i(d) = 4*d**2 - 4*d - 4. Let q(j) = -j**3 - 6*j**2 - 5*j + 3. Let p be q(-5). Suppose -7 = 2*n - 3*n. Calculate the remainder when i(p) is divided by n.
6
Let o(c) = -c**3 + 11*c**2 - 9*c + 7. What is the remainder when 33 is divided by o(10)?
16
Let d(p) = -2*p. Let n be d(-2). Suppose -3*r + 143 = -n*a, -3*r + 2*a - 5*a = -150. What is the remainder when r is divided by 13?
10
Suppose 0 = -4*t + 260 - 60. Calculate the remainder when t is divided by 13.
11
Suppose a - 45 = -4*a. Calculate the remainder when 43 is divided by a.
7
Calculate the remainder when (-82 + -10)/((-4)/6) is divided by 35.
33
Suppose -r = r + 5*c + 45, 5*c + 20 = -r. What is the remainder when 25 is divided by (-335)/r + 2/(-5)?
12
Let v = -37 - -54. What is the remainder when 26 is divided by v?
9
Suppose 2*c - h = 154, 5*h = 4*c + 5 - 319. What is the remainder when c is divided by 1*(1 + 25) - 0?
24
Let w = 296 - 160. Let q = -91 + w. What is the remainder when q is divided by 24/(-10)*10/(-2)?
9
Let t(q) = -58*q**3 + q**2 + q. Let u be (-2)/4*2 + 0. Calculate the remainder when t(u) is divided by 90/5 + (1 - -1).
18
Suppose -4*n + 4*j + 44 = 0, -5*n + 2*j + 19 = 6*j. What is the remainder when n is divided by 1?
0
Suppose 0 = -4*x + 125 + 163. Let p(z) = z**2 - 5*z + 7. Let d be p(7). Let q = x - d. Calculate the remainder when q is divided by 13.
12
Suppose -7 - 11 = -3*o. Let m be (-3)/((-1)/(2/3)). Suppose m*h + h + 3*i - 24 = 0, -4*i + 20 = h. Calculate the remainder when o is divided by h.
2
Let d be (1 - 2 - -1)/(-2). Suppose 51 = -d*u + 3*u. Calculate the remainder when u is divided by (1*-9)/((-3)/2).
5
Suppose 0 = 2*g + l + 4*l - 40, -3*l = 0. Let x = -14 + g. Calculate the remainder when (17/4)/(1/4) is divided by x.
5
Let b(v) = -7 + 4*v - 2*v + 2*v + 0*v. Let t(h) = -h**2 + 6*h + 5. Let s be t(6). Calculate the remainder when 24 is divided by b(s).
11
Suppose 2*i - 3 = -5, 5*i = 2*c - 29. What is the remainder when 70 is divided by c?
10
Let p = -14 - -4. Calculate the remainder when 29 is divided by (-104)/p - (-14)/(-35).
9
Suppose -22 - 14 = -3*b. Suppose -131 = -4*n + 5. Calculate the remainder when n is divided by b.
10
Suppose 3*g + 129 = 6*g - 2*w, 0 = 3*g - 3*w - 126. Let z be (-96)/(-10)*10/2. Suppose -3*a + 0*a + z = 0. Calculate the remainder when g is divided by a.
13
Let w(q) = q**3 + 5*q**2 - 2*q + 3. What is the remainder when 62 is divided by w(-5)?
10
Calculate the remainder when ((-28)/10)/((-5)/25) is divided by 5.
4
Let n(i) = 9*i - 1. Let w = -106 - -119. What is the remainder when w is divided by n(1)?
5
Suppose 2*c = -5*c + 70. Suppose 3*q = 2*q. Suppose -18 = -3*m - q*m. Calculate the remainder when c is divided by m.
4
Suppose -3*a = -1 - 62. Calculate the remainder when a is divided by 11.
10
Let v(k) = -12*k + 2. What is the remainder when v(-4) is divided by 17?
16
Let w = 2 - -3. Suppose -4*q + 1 + 35 = 0. Calculate the remainder when q is divided by w.
4
Let f = -5 - -10. Suppose -f*g + 1048 = 13. Suppose -5*i = -g - 38. What is the remainder when i is divided by 17?
15
Let m(y) = 235*y - 4. What is the remainder when m(1) is divided by 18?
15
Suppose -3*u + 6*u = 5*v - 7, 13 = -5*v - 2*u. Let a(f) = 2*f + 1. Let q be a(2). Let i = q + v. Calculate the remainder when 10 is divided by i.
2
Suppose 0 = -4*z + 27 + 17. Calculate the remainder when (-8)/20 + 324/10 is divided by z.
10
Suppose -2*u - 5*j + 34 = 6, -21 = -3*u + 3*j. Suppose -5*q + u + 61 = 0. Calculate the remainder when q is divided by 8.
6
Suppose -4*l - 5*h - 8 = 0, 5*l + 7*h + 5 = 2*h. Suppose 40 = 5*a - 5. Calculate the remainder when a is divided by l.
0
Suppose i = -4*q - 1 + 11, 4*i + 4*q - 100 = 0. What is the remainder when i is divided by 13?
4
Let a = 8 + -4. Suppose -2*j + 26 = a*n - j, 5*j + 31 = 3*n. What is the remainder when 8 is divided by (9 - n)*(-3)/(-2)?
2
Suppose -90 = -0*n + 3*n. Suppose q - 5*l = -7, 4*l = 2*q + 16 + 10. Let p = q - n. Calculate the remainder when p is divided by 5.
3
Suppose -100 = 3*l - 7*l. Calculate the remainder when 4*-12*21/(-14) is divided by l.
22
Suppose -a + 6*a = 65. Let r(v) = -v + 7. Let s be r(8). Let u(j) = -4*j**3 + j**2. Calculate the remainder when a is divided by u(s).
3
Let f = 2 - 0. Let b(d) = 0*d**f + d**2 + 7*d - 1 + 4. Calculate the remainder when 4 is divided by b(-7).
1
What is the remainder when 106 is divided by 9/21 + (-249)/(-7)?
34
Let k = -10 + 6. Let j = k - -8. Calculate the remainder when 25 is divided by ((-4)/6)/(j/(-78)).
12
Suppose 6*k - 85 = k. Calculate the remainder when 46 is divided by k.
12
Suppose 17 = 4*s - 3. Suppose -b - 5*g + 33 = 0, 20 = -g + s*g. What is the remainder when 15 is divided by b?
7
Suppose -5*u - 24 = -t, -2*t - 12 = 5*u - 0*u. Let w be (-246)/u + 2/4. Suppose w = 2*a - 24. Calculate the remainder when a is divided by 15.
13
Let s(f) = -3*f - 6. Let x be s(-3). What is the remainder when (222/9)/(1/x) is divided by 26?
22
Let x = -40 - -75. Suppose 0*w + h + x = 2*w, -3*h = -3*w + 45. What is the remainder when 17 is divided by ((-24)/w)/(2/(-15))?
8
Suppose -j = -2*j + 15. Suppose 2*f - 5*f + j = 0. What is the remainder when 13 is divided by f?
3
Let k(y) be the third derivative of -2*y**6/15 - y**3/6 + y**2. Let b be k(1). Calculate the remainder when 2*b/2*-1 is divided by 9.
8
Let h = -10 + 22. Let g = 89 - 6. Let o = g + -48. What is the remainder when o is divided by h?
11
Let b = 7 + -3. What is the remainder when 21/2 - 5/(-10) is divided by b?
3
What is the remainder when 15 is divided by ((-1)/2)/((-1)/12)?
3
Suppose 4*b - 2*b - 22 = 0. Suppose 0*n + 9 = 3*n. Suppose -5 + 0 = 5*j - 5*k, -k + 17 = n*j. What is the remainder when b is divided by j?
3
Suppose 0 = -x - 5*z + 118, 0 = 3*x - 2*z + 3*z - 424. What is the remainder when x is divided by 29?
27
Let p(d) = -4*d + d**2 - 3 + 3 + 5*d. What is the remainder when 2 is divided by p(-2)?
0
Calculate the remainder when 2/(-24)*3 + (-90)/(-8) is divided by 7.
4
